13
Suppose 0*b = -4*b + 272. Suppose 0 = -w - 3*w - 4*t + b, 12 = 3*t. What is the remainder when 25 + 1*(-2 - -1) is divided by w?
11
Calculate the remainder when 229 is divided by -7*2*(-12)/8.
19
Suppose 14*i = 15*i - 20. Calculate the remainder when 138 is divided by i.
18
Let p = 12 - -67. What is the remainder when p is divided by 20?
19
What is the remainder when 77 is divided by (120/(-28))/(3/(-14))?
17
Suppose 5*s - 79 = -o + 4*s, -2*o + 3*s + 153 = 0. Suppose -4*n + o = -26. What is the remainder when n is divided by 14?
12
Let r(d) = -d**3 + 7*d**2 + d - 5. Let t be r(7). Suppose -5*g + y + 141 = 3*y, 75 = 3*g - t*y. What is the remainder when 106 is divided by g?
25
Suppose 1 = -p - 2, -3*p - 27 = -3*t. Let l(v) = -v**3 + 4*v**2 + 2*v + 9. Calculate the remainder when l(4) is divided by t.
5
Let z(h) = -h**2 - 14*h - 5. Let o be z(-12). Suppose o = k - 19. What is the remainder when k is divided by 8?
6
Suppose y + 3*w + 5 = -5, 2*w = -4*y. Suppose -y*m + 14 = -10. Calculate the remainder when 33 is divided by m.
9
Suppose -3*g - m + 20 = g, 2*m = -4*g + 20. Calculate the remainder when 11 is divided by g.
1
Suppose -63*w - 42 = -66*w. What is the remainder when 23 is divided by w?
9
Let q = -27 + 34. Calculate the remainder when 10 is divided by q.
3
Let i = 215 - 111. Calculate the remainder when i is divided by 35.
34
Let x(p) = p**3 - p**2 - 2*p - 3. Let a = -29 + 53. Calculate the remainder when a is divided by x(3).
6
Let s(j) = j**3 - 2*j**2 + j - 2. Let o be s(2). Suppose o = -0*f - 2*f + 74. What is the remainder when f is divided by 10?
7
Let w be (-1 + -5)/(3/(-2)). Calculate the remainder when (-591)/(-12) - 1/w is divided by (-693)/(-54) + 2/12.
10
Let c = -22 + 26. Suppose -16 = -4*m, 2*t - m = -3*m + 18. What is the remainder when t is divided by c?
1
Let f = 25 + -8. Suppose -5*u - 3*w - f = -47, 0 = -w. Calculate the remainder when 2*5 - 0/2 is divided by u.
4
Calculate the remainder when 27 is divided by 6/(-3) - 0 - -17.
12
Suppose -38 = -4*z + d, -8*z - 5*d = -4*z - 26. What is the remainder when 2*(-125)/40*-4 is divided by z?
7
Suppose 4*i + 36 = 2*s, i + 3 + 12 = -s. Let g = -16 - i. Let u = g + 24. Calculate the remainder when u is divided by 10.
9
Suppose -5*s + r + 42 = -3*r, -4*r = 3*s - 38. Suppose -7*k - 115 = -2*k. Let v = 40 + k. What is the remainder when v is divided by s?
7
Let w(j) = 34*j + 2. What is the remainder when w(1) is divided by 10?
6
Suppose -3*b = 5*q - 0*q - 264, 0 = 5*b - 3*q - 440. Suppose 2*n + y = 44, 4*n - 2*y = 2*y + b. What is the remainder when 63 is divided by n?
19
Suppose 5*n = 11*n - 156. Let x = -16 + n. Calculate the remainder when (-29)/(2*(-2)/4) is divided by x.
9
Let x = 68 - 32. What is the remainder when x is divided by -1 + 3 + (17 - 0)?
17
Suppose 0*p + 4 = -p. What is the remainder when 31 is divided by p/16*2*-22?
9
Let r = 1 - -4. Suppose -2*a + r*a = 4*m + 30, a - 21 = 5*m. Let f(h) = h**3 + 4*h**2 - 3*h - 2. What is the remainder when f(-3) is divided by a?
4
Suppose -4*c = -28 + 8. What is the remainder when 21 is divided by c?
1
What is the remainder when (-706)/20*-2 - 3/5 is divided by 18?
16
Suppose x = 3*v - 30, -x = -2*v - 4*x + 20. Suppose -297 = -7*d - 94. Calculate the remainder when d is divided by v.
9
Calculate the remainder when 150 is divided by 158/4 + (-24)/16.
36
Suppose -4*x - 30 = -138. Suppose -3*b + 36 = -6. Calculate the remainder when x is divided by b.
13
What is the remainder when 23 + 1 + -1 + -2 is divided by -2*((-8)/(-12))/(3/(-18))?
5
Suppose 2*q + 61 = 5*z, 4*z = -4*q + 29 + 31. What is the remainder when 48 is divided by z?
9
Suppose -2*g = -5*g + 48. Suppose 10 = 5*z - 60. Suppose 2*f - 78 = z. What is the remainder when f is divided by g?
14
Suppose 4*p = -0 + 4. Suppose -3*l - 6 = 0, 2*l = -4*g + 3 + 1. Suppose c = -g, -5*c + p + 9 = 5*w. Calculate the remainder when w is divided by 2.
0
Suppose -i + 35 = -6*i. What is the remainder when 49 is divided by ((-1)/2)/(i/350)?
24
Let s = -1 - -11. Suppose 5*f = -113 + 38. Let g = f - -44. What is the remainder when g is divided by s?
9
Let l(v) = -9*v - 2. Suppose 0 = -q - 2*p + p + 3, q + 9 = 2*p. Let w = q + 46. What is the remainder when w is divided by l(-2)?
13
Calculate the remainder when (-1092)/(-70) + 2/5 is divided by 5.
1
Suppose 2*f = -2*x - 4, -2*x - 5*f - 22 = -x. Suppose b - 16 = -x*b. What is the remainder when 7 is divided by b?
3
Let k = 22 - 1. Calculate the remainder when 40 is divided by k.
19
Calculate the remainder when (3/4)/((-12)/(-864)) is divided by 7.
5
Suppose r + 5*w + 0 = 2, 4*r = 2*w + 8. Suppose -2*o + 16 = r. Calculate the remainder when 33 is divided by o.
5
Let y(s) = s - 5. Let l be (-2 + 0)*(-14)/4. Let j be y(l). Suppose 2*u + j*u = 24. Calculate the remainder when 16 is divided by u.
4
Let q = 3 - 3. Suppose q*h = -3*h + 5*b - 19, -18 = -4*h - 2*b. Suppose -33 = -h*t - t. Calculate the remainder when 32 is divided by t.
10
Let b(j) = 3*j**2 + 2*j - 4. Calculate the remainder when 114 is divided by b(3).
27
Suppose 92 = m + x, 2*m + 5*x - 270 = -m. What is the remainder when m is divided by 32?
31
Let o = 0 - 2. Calculate the remainder when 5 is divided by 4 - (1 - o) - -1.
1
Calculate the remainder when 23 is divided by (-10)/(-15) + 34/3.
11
Let m(v) = v + 4. What is the remainder when m(11) is divided by 9?
6
Let v(w) = w**2 + 16*w + 50. What is the remainder when v(-18) is divided by 29?
28
Suppose -2*t - 2*t + 24 = 3*w, 3*t - 13 = -w. Let y(f) = f**3 - 4*f**2 + 3*f + 4. What is the remainder when y(3) is divided by t?
1
Suppose 2*o + 2*u - 6 = 5*u, -o - 2*u + 10 = 0. Let y = 8 + -4. What is the remainder when o is divided by y?
2
Let b = 61 - 9. Suppose -2*u + b = 2*p, -p = -0*p - 4*u - 11. What is the remainder when 90 is divided by p?
21
Suppose v - 7 = 12. Suppose 4*b = -4*z + 40, -4*b + z = -4*z - 40. What is the remainder when v is divided by b?
9
Let n(q) = -6 - 3*q + 4*q - 3*q. Let t be n(-5). Suppose -5*p + p = -t. What is the remainder when 2 is divided by p?
0
Suppose 0 = -4*q - 5 + 13. Suppose -q*m = -4*m, 0 = 4*d + 3*m - 12. Calculate the remainder when (-162)/(-21) + 4/14 is divided by d.
2
Let o(i) = 5*i - 4. Calculate the remainder when o(5) is divided by 6.
3
Let o = 3 + 0. Let s(d) = -d**3 + 4*d**2 + 3*d - 10. Calculate the remainder when s(4) is divided by (-1 + 5/o)*3.
0
Let s(p) = -p**3 + 2*p**2 + 3*p - 3. Let f(d) = d. Let b be f(2). What is the remainder when s(b) is divided by 3?
0
Let y = -19 - -32. What is the remainder when 51 is divided by y?
12
Let n(y) = y**3 - 2*y**2 - 3*y + 3. Let b be n(2). Let v(s) = 4*s + 8. Calculate the remainder when v(6) is divided by (66/(-9))/(2/b).
10
Suppose 3*k - 15 = -3*n, 11 = 3*n + 4*k - 3*k. Suppose n*z = y + 179, -4*z + 9*z = y + 301. Calculate the remainder when z is divided by 16.
13
Suppose 2*x + 10 - 46 = 0. Calculate the remainder when x is divided by 10.
8
Suppose -640 = -29*f + 9*f. What is the remainder when 114 is divided by f?
18
Let w(d) be the second derivative of d**5/20 + d**4/3 - d**3 + 3*d**2/2 - 2*d. What is the remainder when 15 is divided by w(-5)?
7
Let t = -20 - -37. Calculate the remainder when t is divided by 6.
5
Let f = 27 + -14. Calculate the remainder when 23 is divided by f.
10
Calculate the remainder when 80/(-20) - -31*1 is divided by 18.
9
Let s = -106 + 182. Suppose -o + 94 = -s. Suppose -3*p - n = -3*n - 77, -5*n = 5*p - o. What is the remainder when p is divided by 10?
9
Let m(y) = -30*y - 1. Let w be m(-1). Let d be w - (-4 - 4/(-2)). Let b = d - 21. Calculate the remainder when b is divided by 4.
2
Suppose 0 = -r - 0*r + 13. Calculate the remainder when r is divided by ((-4)/(-6))/((-2)/(-21)).
6
Suppose 3*w = -3*x - 0*w, 0 = 3*x - 2*w - 15. Suppose 22*p - 20*p = 2. What is the remainder when x is divided by p?
0
What is the remainder when 74 is divided by (-610)/(-16) - (-1)/(-8)?
36
Let m = -15 + 29. Let u = m + 24. Calculate the remainder when u is divided by 13.
12
Let s(b) = -5*b + 2 + 2*b**2 - 5 + 0*b. Let l = 51 - 25. What is the remainder when l is divided by s(4)?
8
Suppose -p = 3*p - 32. Let n be 5*(-1 + (-9)/(-5)). What is the remainder when p is divided by (n - (-1)/1) + -2?
2
Let t be (-1)/2 - 7/(-14). Suppose -4*u 